1. Let x(q) = 5*q**3 + 8*q**2 - 2*q - 6. Let y(n) = 3*t(n) - x(n). Suppose 0 = -0*b - b - 2. Calculate y(b).
7
Let d(i) = i**2 + i - 35. Let w be d(5). Let r(l) = l**3 + 5*l**2 + l - 4. Give r(w).
-9
Let g(s) = -2*s**2 + s**2 + 2 + 10*s - 4*s. Give g(5).
7
Let a(p) = -5*p**2 - 8*p - 17. Let m(j) = -3*j**2 - 5*j - 11. Let t = 7 + -2. Let y(o) = t*a(o) - 8*m(o). Let l be 3*(-1)/2*2. Give y(l).
-6
Let x = 8 + -6. Let h(z) = 13*z**2 - 4*z**x + z + 4*z**2. Determine h(1).
14
Let x(n) be the first derivative of n**3/3 + 4*n**2 - 7*n - 15. Determine x(-7).
-14
Let o(h) = h**3 - 3*h**2 - 3*h - 3. Let z = -72 - -75. Determine o(z).
-12
Let c(v) = -2*v - 19 + 8 + 14. Suppose 4*q = -0 + 8. Give c(q).
-1
Let r(q) = -2 - 91*q + 50*q + 42*q. What is r(5)?
3
Let n(a) = -a**3 + a + 2. Let s = 5 + -3. Let x be 0 + 1 + (-1)/1. Suppose x = -s*m + 7*m. What is n(m)?
2
Suppose 2*z = d - 0 - 1, -16 = -4*d + 4*z. Let b(x) = -2*x + 6. What is b(d)?
-8
Let q(c) = -c + 10. Let w be q(5). Let z(n) = n - 1 + 0 - 5. Calculate z(w).
-1
Let q(y) = y**3 + 4*y**2 + 2*y - 4. Let r = 11 - 19. Let h = 5 + r. What is q(h)?
-1
Let m(i) = -i + 1. Let a(p) = 2*p + 1. Let q(v) = 2*a(v) + 2*m(v). Give q(-4).
-4
Let l(a) = 2*a - 9. Let b be l(6). Suppose -4*r - 9 = z - 2, -11 = -b*z + 4*r. Let u(s) = -z - s - 3*s - 5*s**3 + 4*s**3 + 0*s**2 - 4*s**2. Give u(-3).
2
Suppose -4*b - 25 = b. Let x = -2 - b. Let d(i) = x*i**3 + 1 - 2*i**2 + i**3 - 3*i**3 - i. Calculate d(3).
7
Let y(n) = -n**3 - 8*n**2 - 7*n - 4. Let a(p) = 5*p + 53. Let b be a(-12). What is y(b)?
-4
Let o be 3/(-2*(-12)/(-16)). Let a(m) = -m**2 + m + 2. What is a(o)?
-4
Let s(u) be the second derivative of u**4/6 + u**3/3 + u**2 + 25*u. Give s(-2).
6
Let g(b) = b**3 - 4*b**2 - 7*b + 3. Let r be (1 + -1 - 1)/(2/(-10)). What is g(r)?
-7
Let s be (1/2)/(2/(-4)). Let r(y) be the third derivative of 2*y**2 + 0 - 1/24*y**4 + 0*y**3 + 7/60*y**5 + 0*y. Calculate r(s).
8
Suppose -o = 2 - 0. Let u be 4*(o + (-9)/(-6)). Let l(g) = g**2 - 2*g - 2. Determine l(u).
6
Let s(w) = 2*w**2 - 2*w + 5. Let y(b) = -3*b**2 + 3*b - 6. Let u(d) = -6*s(d) - 5*y(d). Let l be (-34)/(-153) - 16/(-9). Give u(l).
6
Let l(g) be the second derivative of -g**5/20 - g**4/6 + g**2 - 2*g. Let t be l(-2). Let j(u) = -u**3 + u**2 + 2. What is j(t)?
-2
Let j(n) = -8*n**3 - n**2 - n + 1. Let a(v) = -v + 9. Let t be a(8). Determine j(t).
-9
Suppose -6*x + 10 = -x. Let q(c) = 4 + 2*c + x - c. Give q(-4).
2
Let h(c) = 5*c**2 + 6*c + 4. Let b(g) = 5 + 5*g + 4*g**2 - 2 + g - g. Let u(i) = -3*b(i) + 2*h(i). Give u(-2).
-3
Let q(i) be the first derivative of i**4/4 + 2*i**3 + i**2 - 5*i - 6. Calculate q(-4).
19
Let k(d) be the third derivative of -d**6/120 - d**5/12 + d**4/24 - 2*d**3/3 + 7*d**2. Calculate k(-5).
-9
Let q(w) = 2*w**2 + w. Let n be q(-1). Suppose -n + 4 = 3*t. Let m(x) be the second derivative of -2*x**4/3 - 2*x. Determine m(t).
-8
Let g(q) = q**3 - 9*q**2 - 9*q - 13. Let x be g(10). Let s be 2 + (2 + -2)/(-2). Let h(y) = -4 - y - 2*y + y - y**s. Calculate h(x).
-7
Let k(o) = -o + 6. Let i be -3 - (14 + -3)*-1. Suppose 0 + i = 2*m. What is k(m)?
2
Let t(s) = -s**3 + 13*s**2 - 13*s + 15. Let l be t(12). Let m(o) = o**2 - 2*o**2 - 4*o**3 + 6*o**l + o. Let j(q) = q**2 + 5*q - 5. Let i be j(-6). Give m(i).
2
Suppose -5*u = -14*u. Let h(k) = -k + 9. What is h(u)?
9
Let f(n) = -n**2 - 3*n - 4 - 1 + 6. Suppose 5*s - g + 0*g = -21, 2*g = -s - 2. Give f(s).
-3
Suppose 0*a + 3*a - 18 = o, 2*o + 9 = -3*a. Let g(r) = -r**3 - 9*r**2 - 2*r - 9. Calculate g(o).
9
Let g(b) = -2*b**3 + 3 + 3*b + 7*b**2 - 9*b**2 + 0*b. Let s be g(-2). Suppose s*c = c. Let t(h) = -h**3 - h**2 - 1. Calculate t(c).
-1
Let l(m) = 29*m**2 + 9*m - 5. Let a(o) = -15*o**2 - 5*o + 3. Let g(u) = 7*a(u) + 4*l(u). Determine g(-1).
11
Let a(r) be the first derivative of 2 + 1/4*r**4 + 0*r**3 + 0*r**2 - 3*r. Suppose -3*i + i = 0. Determine a(i).
-3
Let f(r) be the third derivative of r**4/12 + r**3/6 - r**2. Calculate f(1).
3
Let i be 1 - -3*(2 - 1). Let q(r) = r**2 + 13*r + 15. Let d be q(-12). Let h(k) = 3*k**d - 2*k**3 + 0*k**3 - 3*k**2 + 2*k - 6*k + 5. Calculate h(i).
5
Let a(x) = -x**3 + 3*x**2 + 3*x - 2. Let o(u) = -u + 13. Let r be o(11). Suppose -2*i - r*i = 12. Let b = i - -6. Give a(b).
7
Let i(f) be the third derivative of f**5/12 + 11*f**2. What is i(-1)?
5
Let u(b) = -b**2 - 3. Let g be -3*2/10*5. Determine u(g).
-12
Let f(d) = -d**3 + d**2 - d + 1. Let c(a) = -5*a**3 + a**2 - 5*a + 8. Let s(v) = c(v) - 4*f(v). Determine s(-3).
7
Let h be -49 + (-1 - (-2 + 2)). Let c = 71 + h. Let w be c/27 + 4/18. Let n(p) = p**3 + 1. Determine n(w).
2
Let f(o) be the second derivative of -o**4/3 + o**3/6 - 18*o + 7. Let t(a) = -a + 2. Let w be t(3). Determine f(w).
-5
Let w(z) = 9 - 15*z + 3*z + 14*z. Calculate w(-10).
-11
Let q(f) be the first derivative of -f**4/4 - 5*f**3/3 + 5*f**2/2 - 6*f - 2. What is q(-6)?
0
Let q(k) = -k**2 - 4*k. Suppose -h - 5*n = 24, h - 3*n + 2 - 10 = 0. Determine q(h).
0
Let c(d) be the second derivative of -d**4/12 - 5*d**3/6 - 5*d**2/2 - 4*d. Give c(-5).
-5
Let w(n) be the second derivative of -2*n + 0 + 3/2*n**2 - 1/3*n**3. Give w(-3).
9
Let u(l) = 2*l. Let j be u(1). Let s(f) = -2*f**2 - 2*f**j + 3*f - 3 + f**2 + f**3. Determine s(3).
6
Let f = -6 - -9. Let a(r) = 3*r**2 + 2*r**3 - 4*r**f - 2*r + 2 + r**3. Suppose -4*c + 2 = -10. Determine a(c).
-4
Let i be (-14 - -11) + -4 + 1. Let m(q) = -4*q - 4. Give m(i).
20
Let x(u) = -u**2 - u + 1. Let h(w) = w - 1. Let p be h(-5). Let f(q) = -5*q**2 - 3*q. Let k(y) = p*x(y) + f(y). Determine k(-5).
4
Let q(d) = 3 - 15*d + 14*d + 2. Calculate q(5).
0
Let d(g) = -2 - 5*g + 1 + 4*g. Let l be d(-4). Let q(w) = 3 + 6*w + l + w**2 - 5. What is q(-3)?
-8
Let z(o) = -o - 1. Let r(m) = m**3 + 15*m**2 - 35*m - 23. Let n be r(-17). What is z(n)?
5
Let j = -35 + 36. Let z(x) = 4*x - 1. Give z(j).
3
Let s(j) be the second derivative of -j**4/12 - j**3 + 3*j**2/2 + 3*j. What is s(-6)?
3
Let r(g) be the first derivative of -3 + 1/2*g**2 - 1/3*g**3 - g + 3/2*g**4. Let d = -3 + 4. Determine r(d).
5
Let v(d) = -d + 2*d**2 - d**2 + 10 - 3 - 6*d. What is v(6)?
1
Let x = -7 + 11. Let d(w) = w - 9*w + 6*w + 5. Give d(x).
-3
Let p(o) = o**2 + o - o. Let n = -3 - -7. Suppose n = -q + 5*q. Determine p(q).
1
Let l(j) = -j**2 - 5*j. Suppose -4*f + g = 36, -6*f + 5*g - 28 = -5*f. Determine l(f).
-24
Let s(k) = -4*k - 3. Let v(h) = -6 - 7 + 6 - 9*h. Let o(i) = -5*s(i) + 2*v(i). Give o(3).
7
Let i(p) = p**3 - 6*p**2 + p - 6. Let k = 14 + -4. Let f = k - 4. Give i(f).
0
Let a(b) = 2*b**2 - 3*b + 2. Let c(u) = -u**2 + 8*u - 5. Let l be c(7). Suppose -5 = -l*t - 1. Calculate a(t).
4
Let r(h) be the third derivative of h**6/120 - h**5/60 + h**4/24 + 5*h**3/6 - 7*h**2. Suppose -2*b = -6*b. What is r(b)?
5
Let x(j) = 2 - 3*j + 5*j + j - 13*j**2 + 14*j**2. Give x(-3).
2
Let j(d) = d**3 + 3*d**2 + d - 2. Let i be -2 - (-1 + 2) - -1. Determine j(i).
0
Let t(z) = 2*z - 1. Suppose -4*d + 2*a = 0, -d + 2*a = -2*a + 7. Let i be t(d). Let x(s) = -s + 1. Calculate x(i).
0
Let z be (2 - 6) + 1 + (-74)/(-24). Let a(s) be the second derivative of 2*s - z*s**4 - 1/2*s**2 + 0 + 1/2*s**3. Give a(3).
-1
Let s(x) = x - 13 + 20 - 9. Let g = -29 + 45. Suppose 0*q - 2*v = q + 4, 3*q + g = -2*v. What is s(q)?
-8
Let i(s) = -s. Let b be i(4). Suppose 2 - 5 = -2*o + y, 3*o - y - 5 = 0. Let h(u) = -u + 3*u - 2 + 3*u + u**o. Calculate h(b).
-6
Suppose -3*j + 6 = -0. Let y(x) = 0 + 3*x**j - 4*x - 2*x**2 - 1 + 0. Give y(3).
-4
Let q(n) = -2*n**3 - 10*n - 5. Let f(u) = -5*u**3 + u**2 - 29*u - 15. Let x be 6/3 - (-1 + 0). Let j(b) = x*f(b) - 8*q(b). What is j(-4)?
7
Let j = 101 + -107. Let n(t) = t. Determine n(j).
-6
Suppose -5*f + 9 = -a - 2, -2*f - 4*a = 0. Let u be (-1 - -1)/(-1) - -3. Let m(d) = -5*d - 5*d**3 + 4*d**2 + d**3 + 2*d**u + 3*d. Calculate m(f).
-4
Let y(h) = -6 - 2 + h - 2*h + 1. Give y(-4).
-3
Let r(v) = -v**2 - 4*v + 2. Let s be (-6)/4 - (-6)/(-4). Let n be (9/s)/(3/4). Calculate r(n).
2
Let u = 9 - 13. Let v be (-28)/5 + u/10. Let h(k) = -k**3 - 7*k**2 - 6*k + 4. What is h(v)?
4
Let q(v) = -v + 1. Suppose 3*u = 3*w - 45, 3*u - 9 = 5*u + 5*w. Determine q(u).
13
Let u(w) = w + 4. Suppose 0 = -5*q + 2*h - 0*h - 31, 0 = h - 3. Determine u(q).
-1
Suppose b = u + 3*b + 18, -5*